 u**2 + 3 - 8*u**w. Suppose -5*l + 2*l + 7 = -2*d, -2*l + d = -4. Determine a(l).
-8
Let q(y) = y**2 + 5. Let m(k) = k**2 + 14*k + 24. Let x be m(-12). Give q(x).
5
Let s(p) = -9 + 4*p**2 - 2*p**2 - 6 - 15*p + 3*p. Let d(y) = -y**2 + 6*y + 7. Let r(h) = -13*d(h) - 6*s(h). Calculate r(5).
-6
Let r = 1 + -2. Let z = 1 + r. Let b = 0 + z. Let j(y) = -y**2 + 7. Give j(b).
7
Suppose 0 = -4*g - 4*d - 28, -3*g + 4*d = -4 - 3. Let q be g/(-9)*12/1. Let o(z) be the second derivative of -z**4/12 + 7*z**3/6 - 3*z**2 - z. Give o(q).
6
Suppose k = 5*k. Suppose -2*z + k = 2. Let x(o) = o - 1 + 2*o**2 + 1 - 10*o**3. What is x(z)?
11
Suppose 5*d + n = 19, 0 - 9 = -3*d - 3*n. Let u(j) be the first derivative of -j**2/2 + 3*j - 30. Determine u(d).
-1
Let q(m) = m + 1. Let k be -1*(27/(-3) + 2). Suppose 3*a = -2 - k. Let s be q(a). Let d(g) = -g**2 + 2. Calculate d(s).
-2
Suppose 0 = -2*a + 6*y - y - 14, 5*y = 5*a + 20. Let g = 5 - 3. Let k(v) = 0 - 5 + 2 + g - 3*v. Determine k(a).
5
Let g(k) = k**2 + 3*k. Let n = 3 - 4. Let m = -2 + n. Give g(m).
0
Let s(p) = 3*p**3 - p**2 + p. Let w be s(1). Suppose 5*b - 8 = -w. Suppose 0 = 3*t + v - 9 - b, 5*v = 5. Let k(o) = -o**3 + 5*o**2 - 2*o - 3. What is k(t)?
9
Let k(d) = -8*d - 5. Let m(l) = 3 + 7*l - 3 + 8. Let h(f) = -7*f - 7. Let g(o) = -4*h(o) - 3*m(o). Let x(b) = 6*g(b) + 5*k(b). What is x(-1)?
-3
Let v be (9 - 4) + -2*1. Let c(z) = -z**2 + 4. Let k be c(v). Let t(m) = -m**3 - 4*m**2 + 4*m. Calculate t(k).
5
Let t be (-1 - -3) + 0/(-2). Let w be (-1)/t + 33/6. Let l(m) = 5*m + 4*m**2 - 3*m**2 - 2*m**2. Give l(w).
0
Let n(x) be the second derivative of 5*x**3/6 - x. Let a(r) = r. Let w(f) = -6*a(f) + n(f). What is w(-4)?
4
Let h(i) = -i**2 - 6*i + 3. Suppose j = -5*u + 4*j - 12, 3*j = -4*u + 12. Let c be -1 + u + (2 - -12). Suppose 3*s = -2 - c. Calculate h(s).
8
Let n(c) = -c. Let q = 12 - 11. Suppose -11 = -5*r - q. Determine n(r).
-2
Let j(s) = -6*s**3 - s**2 + s + 1. Let m be j(-1). Let t(d) = d**2 - 5*d - 4. Determine t(m).
-4
Let g(v) = -5*v**3 - v**2 - v - 1. Let s(p) = 3*p**2 - 3*p + 1. Let n be s(2). Let t = -4 + n. Suppose 2*z = 3*z - y - 2, -9 = t*z + 2*y. Determine g(z).
4
Suppose -m + 1 + 2 = 0. Let h(z) = -z**2 + 3*z + 4. Determine h(m).
4
Let m(n) be the first derivative of -4*n**3/3 - 3*n**2 - n + 2. Let j(h) = -h**2 + 1. Let p be -2*4*1/8. Let b(y) = p*m(y) + 3*j(y). What is b(-6)?
4
Let q(c) = -2 - c**2 + 2*c + 0*c + 6. Suppose -3*y - 2*l - 2 = -49, 4*y - 78 = 5*l. Suppose r = -a - 2*r - 3, 5*a = r + y. What is q(a)?
1
Let f(l) = l**2 + 0*l**3 - 4*l**2 - l**3 + 0*l - l. Let v = 4 - 6. Give f(v).
-2
Suppose 2*x = 3*x + 2. Let g be (x + 2/1)*1. Let d(a) be the first derivative of a**3/3 + a**2/2 - 5*a + 82. What is d(g)?
-5
Let j(m) = -4*m - 6. Let q(v) = -1. Let y(a) = j(a) - 5*q(a). Let n(o) = o**3 + 0*o**2 + 0*o**3 + o**2 + 1 + o. Let h be n(0). Determine y(h).
-5
Let u(y) = -3*y**3 - 7*y**2 - y + 3. Let s(g) = 13*g**3 + 29*g**2 + 4*g - 11. Let m(h) = 2*s(h) + 9*u(h). Calculate m(-4).
-7
Suppose 2*v - 3 - 7 = 0. Let h(c) = c**2 - 4*c + 1. Determine h(v).
6
Let c(y) = 1 - 5 + 7*y + y**2 + 4*y - 14*y. Calculate c(3).
-4
Let y be -4 - -2 - (-1 + -39). Suppose -v - 2*v = -5*g - y, -6 = v + 3*g. Let c(k) = -k**3 + 5*k**2 + 7*k + 3. Give c(v).
9
Let x(q) = -2 - 6*q**3 + 10*q**3 - 5*q**3 - 1 - 7*q**2. Give x(-7).
-3
Let v(g) = 4*g - 5. Let l(x) = -8*x + 9. Let b(j) = 2*l(j) + 5*v(j). Calculate b(7).
21
Let t(o) be the first derivative of -o**4/4 - 5*o**3/3 + 2*o**2 - 7*o - 1. Calculate t(-6).
5
Let m(k) = -k**2 - 5*k - 1. Let c = -24 + 19. Determine m(c).
-1
Let c(k) = -k**3 - 8*k**2 + 10*k + 7. Let j(r) = r + 8. Let n be j(-17). Give c(n).
-2
Let d(m) be the first derivative of m**2 + 2 + 1/4*m**4 + 0*m + 4/3*m**3. Give d(-3).
3
Let s = 1 + -6. Let h(r) be the third derivative of -r**5/60 - 5*r**4/24 + r**3/3 + r**2. Give h(s).
2
Let f(y) = 0*y + 2 + 4*y - y**2 + 0. Give f(-3).
-19
Let y(a) be the second derivative of -a**4/12 - 5*a**3/6 - 3*a**2 + 5*a. Give y(-4).
-2
Let f(g) = -6*g**3 + 14*g**2 - g + 1. Let m(k) = -1 - 6*k**2 + 0*k**2 + 5*k**3 - 7*k**2 + 0. Let r(l) = -6*f(l) - 7*m(l). Calculate r(-6).
1
Let m(s) = 3*s**3 + 3*s**2 + s + 2. Suppose u - 7*u = 12. Calculate m(u).
-12
Let d(b) = -b**3 + 7*b**2 - b + 9. Let x(w) = -w - 5. Let r be x(-12). What is d(r)?
2
Let j = -21 + 49. Suppose -3*p - k = 2*k - 3, -2*p - j = -4*k. Let r(c) be the first derivative of -c**3/3 - 5*c**2/2 + 2*c - 95. What is r(p)?
6
Let z(j) = -j - 6. Suppose 13 = -4*p - 2*n - 3*n, 0 = 3*n + 15. Let h be -3 - 2*(p - 2). What is z(h)?
-1
Suppose o + 4*p - 5 = 17, 3*p - 54 = -2*o. Suppose -3*n = 2*n - o. Suppose -w + n*w = -4*z + 3, 2*w = 2*z - 6. Let f(k) = k**2 + k + 1. Determine f(w).
1
Let c(y) = -2 - 6 - 3*y + 7. Give c(2).
-7
Let o(b) be the second derivative of -b**4/12 - b**3/6 + 2*b + 1. Determine o(-3).
-6
Let m(n) = -8*n + 1 - 11*n + 20*n. What is m(-5)?
-4
Let q(g) = g - 1. Suppose 8*s - 3*s + 20 = 0. Calculate q(s).
-5
Let a(u) = -u**2 - 5*u + 2. Let r be a(-4). Let z(p) = -p**3 + 6*p**2 + p + 1. Determine z(r).
7
Suppose -4*c - 2 = 7*i - 2*i, 2*c - 5*i + 16 = 0. Let l(g) = -g**3 - 3*g**2 - g - 4. What is l(c)?
-1
Let k(b) be the second derivative of -b**3/6 - b**2 + 3*b. Let o be 0/1 - 2/2. Let y = o + 5. Calculate k(y).
-6
Let l be 4/2*2/(-4). Let p = 0 + l. Let u(x) = x**3 + x**2 - x. Let c(d) = -4*d**3 - 3*d**2 + 3*d. Let b(n) = 2*c(n) + 6*u(n). Determine b(p).
2
Let x(i) = 6*i**2 + i. Suppose 15 = -5*t, 4 = -4*q - t - 3. Give x(q).
5
Let h(x) be the first derivative of -3*x**5/40 + x**4/24 - 7*x**3/3 - 7. Let o(q) be the third derivative of h(q). Determine o(1).
-8
Let k = 28 + -17. Let i = -7 + k. Suppose 2*n + y + i = -2, 3*n + y = -11. Let j(w) = -w**2 - 4*w + 6. What is j(n)?
1
Let q(r) = 6 - 2*r**2 + r**2 - 2. What is q(4)?
-12
Let d(c) be the first derivative of c**6/120 - c**5/12 - c**4/4 + 7*c**3/6 + 2*c**2 + 6. Let l(m) be the second derivative of d(m). Give l(6).
7
Let t(q) be the third derivative of -1/60*q**6 + 0*q**4 - 1/30*q**5 + 0*q + 0*q**3 - 5*q**2 + 0. Calculate t(-2).
8
Let i(u) be the second derivative of -1/12*u**4 + 0*u**2 - 3*u + 0*u**3 + 0. Determine i(-2).
-4
Let k(y) be the third derivative of y**8/2880 + y**7/2520 - y**6/720 + y**5/30 + 2*y**2. Let q(l) be the third derivative of k(l). Calculate q(1).
8
Let h(s) = 2*s - 3*s - 2 + 3. Let y be (-57)/21 + 2/(-7). Let x = -5 - y. Give h(x).
3
Let d be 3/6 + (-1)/(-2). Suppose 3*f = 5*w + 33, d = -w - 2*f - 3*f. Let o(u) = u**2 + 5*u - 6. What is o(w)?
0
Let z(j) be the first derivative of -j**4/4 - j**3/3 + j**2 - 4*j + 10. Give z(-3).
8
Let f(j) = 8*j**3 - 9*j**2 - 9*j - 2. Let m(r) = 4*r**3 - 4*r**2 - 4*r - 1. Let n(u) = 4*f(u) - 9*m(u). What is n(1)?
-3
Let f(d) = 9*d - 5. Let s(i) = 18*i - 11. Let z(y) = 5*f(y) - 3*s(y). Let w = 5 + -11. Let h(r) = 8*r - 7. Let b(x) = w*z(x) - 7*h(x). Give b(4).
-7
Let r(c) = c**3 - c**2 + c - 1. Let p(k) = -5*k**3 + k**2 - 12*k + 10. Let z(n) = p(n) + 6*r(n). What is z(6)?
4
Let u = -40 + 60. Suppose 6*m - m + u = 0. Let a(g) = -g**3 - 4*g**2 + 5. Calculate a(m).
5
Let t = -74 - -81. Let g(f) = 5*f + 10 - f**2 + 0*f + f. Give g(t).
3
Let v = -1 + 1. Suppose v = -n - n. Let t(d) = n*d - 2 - 2*d + d. Calculate t(-3).
1
Let g(k) = -k**2 + 5*k + 10. Let w be g(6). Let m(q) be the first derivative of w - 1/2*q**2 - 3*q. What is m(5)?
-8
Let w(j) be the third derivative of -j**5/60 - j**4/24 - j**3/3 + 2*j**2. Determine w(-2).
-4
Let b(x) = 6*x**3 - 3*x - 4. Let f(g) = 2*g**3 - g - 1. Let a = 2 + 3. Suppose -a*v + v = -8. Let s(o) = v*b(o) - 7*f(o). Give s(1).
-2
Let c(l) = -l**2 - l - 1. Let v(t) be the third derivative of -t**6/120 + t**5/15 - 2*t**2. Let h be v(4). Give c(h).
-1
Let p(m) = -2*m + 16. Let w be p(10). Let z(n) = n**3 + 5*n**2 + 5*n. Determine z(w).
-4
Let b(u) = 14*u - 2 + 0*u - 8*u - 1. What is b(4)?
21
Let k(h) be the third derivative of h**5/60 + 7*h**4/24 + 2*h**3/3 - 2*h**2. Suppose -12 = 2*j + 4*a, 0*j + 24 = -4*j + a. What is k(j)?
-2
Let w(i) = i**2 - i. Let n(v) = 4*v**2 + v - 4. Let u(y) = n(y) - 5*w(y). What is u(6)?
-4
Let z(l) be the third derivative of l**6/240 + l**4/6 - 2*l**2. Let w(n) be the second derivative of z(n). Suppose 2*y = -3*k + y + 6, 0 = -2*y + 6. Gi